ide 31446899?
False
Is 373 a factor of 75966977?
False
Does 15 divide 1448295990?
True
Is 334485696 a multiple of 4184?
True
Does 149 divide 781174369?
True
Is 75718480 a multiple of 105?
False
Is 706 a factor of 134993554?
True
Does 9 divide 2978937222?
False
Is 1108 a factor of 105751377?
False
Is 23715600 a multiple of 6?
True
Does 200 divide 9611270?
False
Does 166 divide 2043014290?
True
Does 25 divide 4281564894?
False
Does 16 divide 9642766?
False
Does 116 divide 3032936?
True
Does 5 divide 484547330?
True
Is 31 a factor of 5797547875?
False
Is 1136 a factor of 58851616?
True
Is 28 a factor of 148481018?
False
Is 23459727 a multiple of 21?
False
Is 2485 a factor of 60179245?
True
Is 2331618368 a multiple of 1128?
False
Does 4021 divide 187290138?
True
Does 8 divide 2640475?
False
Does 384 divide 431230397?
False
Is 77 a factor of 169143244?
False
Is 123 a factor of 24668243?
False
Is 1536877378 a multiple of 6?
False
Is 555128064 a multiple of 272?
True
Is 1868298336 a multiple of 288?
True
Is 1291 a factor of 26534844?
False
Does 9008 divide 181985737?
False
Is 11 a factor of 3649411?
False
Is 30 a factor of 2075218230?
True
Is 13430480 a multiple of 14?
True
Is 808976 a multiple of 13?
False
Is 66 a factor of 145015068?
True
Is 58403482 a multiple of 3218?
True
Is 737602039 a multiple of 177?
False
Is 1501999072 a multiple of 7?
True
Is 97678102 a multiple of 27?
False
Is 1035 a factor of 10243395?
True
Does 30 divide 4033936980?
True
Is 33 a factor of 23419024?
False
Is 16698255 a multiple of 3?
True
Does 33 divide 26009571?
False
Is 2621 a factor of 26555972?
True
Is 2113629708 a multiple of 15?
False
Is 136 a factor of 78430228?
False
Is 2 a factor of 391332880?
True
Is 26271972 a multiple of 21?
False
Does 5 divide 87306344?
False
Is 18 a factor of 1881914388?
False
Does 22 divide 138754572?
True
Does 20 divide 3787761834?
False
Does 23 divide 17821435?
True
Is 6571093 a multiple of 125?
False
Does 2 divide 1928833?
False
Does 548 divide 694939624?
True
Is 13 a factor of 3321813564?
False
Does 12 divide 8618923?
False
Is 58 a factor of 6432896?
True
Is 4 a factor of 9795224?
True
Does 1055 divide 439184092?
False
Is 149 a factor of 3411692187?
True
Is 213 a factor of 408493549?
False
Does 142 divide 552428?
False
Does 142 divide 36596013?
False
Is 24 a factor of 2450154652?
False
Is 165581411 a multiple of 151?
False
Does 101 divide 31264550?
True
Is 777529340 a multiple of 68?
True
Does 495 divide 31684455?
True
Is 846 a factor of 4682610?
True
Is 72926 a multiple of 112?
False
Does 122 divide 23029099?
False
Is 16 a factor of 1921513513?
False
Is 26 a factor of 784926338?
False
Is 1507 a factor of 151186761?
True
Is 13 a factor of 51097631?
True
Is 1486 a factor of 199232891?
False
Is 63056686 a multiple of 11?
True
Does 16 divide 13131422?
False
Is 1089092503 a multiple of 1377?
False
Is 40397794 a multiple of 358?
True
Is 12899407 a multiple of 880?
False
Is 6398360 a multiple of 10?
True
Is 18096550 a multiple of 43?
True
Is 14 a factor of 9183048?
True
Is 730592 a multiple of 68?
True
Is 1707255 a multiple of 45?
True
Is 65154960 a multiple of 260?
True
Is 2208189664 a multiple of 33?
False
Is 14 a factor of 67204844?
True
Is 571 a factor of 2662912174?
True
Is 194 a factor of 185437252?
False
Does 22 divide 399559996?
True
Does 175 divide 17256575?
True
Does 608 divide 81398432?
True
Is 374 a factor of 60386131?
False
Is 399815973 a multiple of 4389?
False
Is 746 a factor of 214695816?
True
Does 73 divide 3536051?
False
Is 395 a factor of 1916674475?
False
Is 3 a factor of 501126692?
False
Is 128521987 a multiple of 28?
False
Is 42101517 a multiple of 53?
False
Is 23 a factor of 6875579?
False
Does 502 divide 940674316?
False
Does 369 divide 155041242?
False
Is 1292 a factor of 498596221?
False
Is 24079354 a multiple of 95?
False
Is 8 a factor of 2270283886?
False
Is 2788822 a multiple of 28?
False
Is 3423501345 a multiple of 265?
True
Does 341 divide 18899243?
True
Is 5561666 a multiple of 101?
True
Is 5494640 a multiple of 80?
True
Is 178 a factor of 1328808891?
False
Is 64 a factor of 58820928?
True
Is 1456696 a multiple of 2?
True
Is 208 a factor of 67371824?
True
Is 17 a factor of 50278316?
True
Does 126 divide 353172668?
False
Is 324386394 a multiple of 3064?
False
Does 318 divide 37987204?
False
Is 4 a factor of 47168304?
True
Is 10 a factor of 467299658?
False
Does 61 divide 18172388?
True
Does 435 divide 27248400?
True
Is 53 a factor of 16991147?
False
Is 889886555 a multiple of 3037?
True
Is 1325 a factor of 162221948?
False
Does 2 divide 365780710?
True
Is 13 a factor of 3835787364?
False
Does 1749 divide 566058775?
False
Does 31 divide 726268?
True
Does 90 divide 27417960?
True
Does 20 divide 2349380?
True
Is 66 a factor of 431889176?
False
Is 214 a factor of 91252260?
False
Is 256519172 a multiple of 28?
True
Does 144 divide 6949057?
False
Is 73 a factor of 532112695?
True
Does 1638 divide 194272061?
False
Does 833 divide 2305744?
True
Does 58 divide 448457508?
True
Does 42 divide 989719626?
True
Does 1275 divide 52414514?
False
Is 107 a factor of 11503427?
False
Is 8599 a factor of 2502036707?
False
Does 43 divide 46449632?
True
Is 1782 a factor of 193572796?
False
Is 126792981 a multiple of 380?
False
Is 150486882 a multiple of 130?
False
Does 17 divide 1839995765?
True
Does 12 divide 207548646?
False
Is 3982815900 a multiple of 4725?
True
Is 40 a factor of 4303291480?
True
Does 69 divide 2252249756?
False
Does 3 divide 27802608?
True
Is 22007938 a multiple of 2?
True
Is 311630258 a multiple of 5?
False
Does 46 divide 2849230616?
True
Is 1940983407 a multiple of 37?
True
Is 6846557563 a multiple of 49?
False
Does 7 divide 23468753?
True
Is 19647369 a multiple of 181?
True
Is 29216486 a multiple of 417?
False
Does 279 divide 83267829?
True
Does 12 divide 11794766?
False
Is 9 a factor of 88763580?
True
Does 41 divide 195317235?
True
Is 7 a factor of 120169051?
False
Does 112 divide 143763424?
True
Is 1141 a factor of 61267136?
True
Is 1873545 a multiple of 5?
True
Is 9337676 a multiple of 160?
False
Is 1468 a factor of 122969956?
True
Is 820 a factor of 58700831?
False
Is 29 a factor of 20440389?
True
Is 13 a factor of 9295075?
False
Is 7566728 a multiple of 103?
False
Is 98 a factor of 32306021?
False
Is 6528000 a multiple of 2400?
True
Is 2826580 a multiple of 87?
False
Does 7 divide 3939257?
True
Does 31 divide 14123786?
True
Is 20 a factor of 786628820?
True
Is 745 a factor of 75306090?
True
Is 2029032 a multiple of 24?
True
Does 768 divide 216916930?
False
Is 417 a factor of 53187878?
False
Is 14540 a factor of 3389446986?
False
Is 100507171 a multiple of 23?
True
Does 6 divide 94409301?
False
Does 10 divide 839306970?
True
Is 26 a factor of 29513940?
False
Is 1397681233 a multiple of 19?
False
Is 89 a factor of 11788972?
False
Does 6 divide 53263821?
False
Is 4 a factor of 944035487?
False
Is 11 a factor of 507784812?
False
Does 1770 divide 933998910?
True
Is 5169795 a multiple of 11?
False
Is 57 a factor of 12649528?
False
Is 13 a factor of 1319137622?
False
Is 74964073 a multiple of 257?
True
Is 1043 a factor of 71741104?
False
Is 436926483 a multiple of 440?
False
Is 287 a factor of 53620210?
True
Does 2189 divide 71339510?
True
Is 197 a factor of 217812470?
False
Is 509475362 a multiple of 1727?
True
Is 2528 a factor of 83892761?
False
Is 11 a factor of 94119706?
False
Is 70013075 a multiple of 275?
True
Does 7 divide 3881491?
False
Does 40 divide 34181840?
True
Is 18 a factor of 67353685?
False
Is 12902557 a multiple of 96?
False
Is 2294 a factor of 461209758?
False
Is 35369752 a multiple of 22?
True
Does 16 divide 106682144?
True
Is 67 a factor of 54882799?
False
Is 302229940 a multiple of 4?
True
Does 363 divide 228885103?
False
Is 99096203 a multiple of 2532?
False
Does 3555 divide 35027415?
True
Does 2472 divide 314203560?
True
Does 40 divide 245194120?
True
Is 14958972 a multiple of 421?
True
Does 6 divide 19119175?
False
Is 295 a factor of 80614355?
True
Does 9 divide 87229384?
False
Is 421645532 a multiple of 4?
True
Is 990228695 a multiple of 1735?
True
Does 7 divide 366256667?
True
Does 5 divide 1004930070?
True
Does 824 divide 17635248?
True
Is 592 a factor of 40530096?
True
Is 1290862